*w(o). Let g be q(5). Is 4/g - (1 + -1114) composite?
True
Is ((-2)/(-5))/((-218)/(-96242095)) a prime number?
True
Suppose -4*c + 927221 = 3*w, 16*c - 17*c = w - 309075. Is w composite?
False
Suppose -a = -2*n - 29877, -978 - 13959 = n + a. Let q = n - -22679. Is q composite?
False
Let w(f) = 15*f**3 + 20*f**2 - 47*f + 263. Is w(15) composite?
True
Let t be (4/6)/((-12)/(-7218)). Suppose -3*d - t = -19748. Is d composite?
False
Let k(m) = 7161*m**2 + 156*m - 1. Is k(-10) prime?
False
Let q(i) = 25292*i - 669. Is q(49) composite?
True
Let y be 20*(-5)/20*(-57322)/10. Let u = y + -19506. Is u a prime number?
False
Let j(n) = -2831*n**3 + 4*n**2 + 2*n - 2. Let o = 217 - 218. Is j(o) a composite number?
True
Let a(h) = 13*h**2 - 53*h + 1577. Is a(71) a prime number?
True
Suppose 7*p = -13765 - 24735. Let y = -441 - p. Is y composite?
False
Let p be (-33776)/(-88) + 3 - 4/(-22). Suppose -3*h + p = 3*x, 0 = -4*h - x + 2 + 508. Is h composite?
False
Let l(y) = -98*y**3 + 38*y**2 + 208*y - 7. Is l(-13) a composite number?
False
Let g = -43474 + 81771. Is g a prime number?
False
Suppose -14*r + 10*r + 512 = 0. Let j = 2737 - r. Is j composite?
False
Suppose -347*p = -359*p - 1440. Is ((-6)/10 - 151932/p)*2 prime?
True
Let n(c) = 16*c + 25. Let s = 22 - 9. Is n(s) a composite number?
False
Let o(t) = t**3 + 120*t**2 + 851*t - 123. Is o(-83) prime?
False
Suppose 343*f = k + 344*f - 156059, -2*k = -4*f - 312118. Is k prime?
True
Let r = 25 + -27. Let u(l) = -328*l**3 - 3*l**2 + 4*l + 3. Let y be u(r). Suppose -3*j = -0*j - y. Is j prime?
False
Suppose -4*o + m = -138460, -5*o + m + 33094 = -139980. Suppose 0 = 16*w + 2*w - o. Let h = w + -206. Is h a prime number?
False
Let c(g) be the second derivative of -401*g**3/3 - 43*g**2/2 - 37*g. Is c(-5) composite?
False
Let v(r) = 6*r**2 + 32 - 53 + 9*r + 4*r**2. Let i be v(9). Let u = i - 477. Is u a composite number?
True
Let h(b) = 4*b + 14. Let j be h(6). Let t = j + -32. Is (-34)/(t/(-39)*14 + 2) a prime number?
False
Let o = -650237 - -2837808. Is o composite?
False
Suppose -2*h + 18 = 2*k, 3*h - 4*k = 6*h - 25. Suppose -h*z = z - 276204. Is z a composite number?
False
Let i = 74890 - 24291. Is i composite?
False
Let g = -383 - -247. Let y be 5 + (-1705)/6 + 22/132. Let w = g - y. Is w a composite number?
True
Is (49145 + -2)*(-4 - 23*(-3)/9) composite?
True
Let q(u) = 115*u**3 + 5*u**2 - u - 4. Suppose 0 = -5*r + 10*k - 9*k + 16, 0 = -2*r - 5*k + 1. Is q(r) prime?
False
Let g(k) = -k**3 + k**2 + 16*k - 7. Let m be g(4). Suppose m*l = 6*l. Suppose 68*d - 70*d + 5414 = l. Is d a composite number?
False
Let l(d) be the third derivative of 11*d**6/120 - d**5/15 + 5*d**4/12 - 5*d**3/3 + 18*d**2. Let c be l(5). Suppose -2*b + c = -1039. Is b prime?
False
Suppose -25 = 27*z - 214. Suppose 69333 = 26*a + z*a. Is a a composite number?
True
Is (-51)/(-85) + (3666244/10 - -1) + 5 a composite number?
False
Suppose 8 = -x + 5. Let d be (-1 + -1)*(x - (-2 + 0)). Is 1/(1775/887 - d) a prime number?
True
Let n = -63111 - -158690. Is n composite?
True
Suppose 3536059 = -33*n - 17*n + 117*n. Is n a composite number?
True
Let o = 48 - -83. Suppose -z + 947 = -5*g - o, -z + 1072 = g. Is z prime?
False
Let s(c) = -280*c - 63. Let t(y) = 139*y + 31. Let p(a) = 3*s(a) + 7*t(a). Is p(33) a prime number?
False
Suppose -320*y + 324203 = -309*y. Is y a prime number?
True
Suppose 0 = -10*c - 6*c + 1609328. Is c prime?
False
Let o be (-1089669)/147 - 4/14. Is 2*(-2 + 1) - (0 + o) composite?
False
Let l be (4 - 0)*75/(-30). Let a(z) = -z**2 - z - 1. Let d(c) = -4*c**2 + 6*c - 6. Let t(i) = -a(i) - d(i). Is t(l) a composite number?
False
Is 19 + 54035 + ((-20)/(-6))/((-12)/(-18)) a composite number?
False
Let x = 520 + -495. Is (3 + -4)/((x/88585)/(-5)) composite?
True
Suppose -14*b = -b - 65585. Suppose 20*w = 15*w + b. Is w a composite number?
False
Let d(o) = -o**3 - 35*o**2 + 17*o + 316. Is d(-39) a composite number?
False
Suppose 2*b + 3*t = -2, 2*t + 2*t + 14 = 3*b. Suppose -505 - 31 = b*s. Let w = 391 + s. Is w prime?
False
Suppose y - 1767 = -4*x + 4*y, 3*x + y - 1335 = 0. Suppose -2408 = 5*v + 5*u + 227, 0 = 5*v - 3*u + 2651. Let h = x - v. Is h a composite number?
True
Let i = 134205 - 71396. Is i a prime number?
False
Suppose 2*f = -16*s + 19*s - 134, -3*f + 4*s = 200. Is (-3)/((-4)/2931*(-72)/f) a composite number?
True
Let g = -927 - 258. Is g/(-9) + (-20)/30 a prime number?
True
Suppose 108 = 11*i - 651. Is (-9004)/(-10) - i/(-115) composite?
True
Suppose 5*i = 7167 + 3123. Let h = -193 + i. Is h a prime number?
False
Let v be (-5)/45 - -2 - (-5)/45. Is 30232/14 + (44/28 - v) composite?
True
Suppose 0 = 5*d + 30, 292*o - 2*d = 296*o - 1821464. Is o composite?
True
Let s(o) = 6*o + 48. Let l be s(-8). Suppose q - 9123 = -5*a, l = -q + a + 839 + 8296. Is q a prime number?
True
Suppose -4*p + 41072 = -2*g - 5*p, 0 = -2*g + p - 41076. Let q = g + 29919. Is q prime?
False
Is (-29 - -32)*((-1376489)/(-15) - 4/(-10)) prime?
True
Let j be (-112)/12*6/(-4). Is -358*-1*161/j prime?
False
Let j(x) = -x**2 + x + 1. Let f(m) = -m**3 + 8*m**2 - 4*m + 2. Let t(y) = -f(y) - 4*j(y). Suppose 2*z - 13 = 5*q - 44, -4*z - 20 = -4*q. Is t(q) a prime number?
False
Suppose -v + 60319 = -286*i + 287*i, -2*i - 5*v = -120644. Is i prime?
True
Is 28/(-42) - (-8 + (-1000925)/3) composite?
True
Let q(i) = 688*i**3 + 8*i**2 - 6*i + 5. Let o be q(4). Let m = -24 - -40. Suppose -17661 = m*w - o. Is w a composite number?
True
Let o(g) = -14*g + 27. Let l(b) = 27*b - 53. Let h(c) = -2*l(c) - 5*o(c). Suppose 7*d - 247 + 177 = 0. Is h(d) composite?
False
Suppose -16*w - 22*w + 1929982 = -0*w. Is w a prime number?
True
Suppose 37*x + 13*x - 129749820 = -10*x. Is x a prime number?
True
Suppose -34*m = -32*m - 14. Let u = -2132 + 7015. Suppose -m*l = -2054 - u. Is l composite?
False
Let r(g) be the third derivative of 0 + 1/12*g**5 + 2*g**3 + 12*g**2 + 0*g**4 + 0*g. Is r(-7) a prime number?
True
Let h(f) = 43*f**2 - 33*f + 31. Let x be h(14). Suppose 3*m - 2*m - x = 0. Is m composite?
True
Let k(j) = -51528*j + 106. Let g be k(-7). Suppose 35*c - g = -17417. Is c a prime number?
True
Let o(b) = 33*b - 4. Suppose -4*s = -4*g + 88, 10*g - 5*g - 3*s - 100 = 0. Is o(g) prime?
True
Suppose 8*g = 5*g + 6792. Let t = 1056 - g. Let p = -769 - t. Is p composite?
False
Let t = 1384 - -7321. Suppose 10033 + t = 18*u. Is u composite?
True
Let l(b) = -65856*b + 61. Let q be l(6). Is q/(-15) - 4/(-6) composite?
False
Let f(x) = 36*x**2 - 99*x - 869. Is f(-8) a prime number?
False
Let j be 2 - -2 - (-7)/(-7). Suppose j*c + 4 = -20. Is 2*(1 + (-428)/c) prime?
True
Is (-1)/(-1 + 144880/144884) prime?
False
Let r(b) = b**2 + 2*b + 729. Suppose 4*k = 3*k - 4*k. Let u be r(k). Suppose 20 = -z + u. Is z a composite number?
False
Let k be (4263/6 + -1)*4. Let d = k + 1783. Is d a prime number?
True
Is 56/8 - ((-10580241)/28 - (-2)/(-8)) a composite number?
False
Suppose -3*a + 5192 = 4*q, -5*q + 6914 = 4*a - 4*q. Let n(x) = -x**3 + 3*x + 1. Let j be n(-2). Suppose -a - 423 = -j*t. Is t prime?
False
Suppose 84*s - 69*s = -117*s + 3910236. Is s prime?
False
Let d(q) = -2*q**3 + 19*q**2 - 7*q - 9. Let h be d(9). Let x = -3 + h. Suppose 4*p + 6406 = x*p. Is p a composite number?
False
Let g be (6 - 22)*(-1 - (-3)/4). Is 31087/((-28)/g)*-1 prime?
True
Suppose -177*g + 234047 = -168*g - 86398. Is g prime?
False
Let j be 12/8 + (-405)/(-54). Suppose j*r - 41720 = -13325. Is r a prime number?
False
Suppose 3*t + 5*n = -2*t + 450, 0 = -3*n + 6. Suppose 84*p + 1704 = t*p. Suppose 33*z - 35*z = -p. Is z composite?
True
Let d(s) be the second derivative of 325*s**3/3 + 7*s**2/2 - 16*s + 2. Is d(6) a composite number?
False
Suppose 3*s = -5*o + 1215, -4*s = -0*s. Suppose 0 = 2*j - o - 15727. Is j composite?
True
Let p(w) be the second derivative of 19*w**4/12 + 5*w**3/6 - w**2/2 - 3*w. Suppose -40*g - 3*i = -36*g - 38, 3*g = -4*i + 25. Is p(g) a prime number?
False
Let x(r) = 2*r + 9. Let n be x(-3). Suppose 2*f + 249 = n*f. Is f a composite number?
True
Suppose -2 = -b - 3*p - 10, 5*b - 24 = p. Let t(x) = -3*x - 9. Let w be t(-5). Suppose w*k - 642 = b*k. Is k a prime number?
False
Suppose -5*l + 5*t = -2633010, 2633000 = 5*l + 73*t - 68*t. Is l a prime number?
True
Let l(b) = -1139*b**3 